late p(7).
10
Let f(k) = -2*k + 2. Let r(c) = -c + 7. Let d be r(-5). Suppose 80 = -d*n + 16*n. Let o be (n/16)/((-5)/(-20)). What is f(o)?
-8
Let t(a) = 4*a**2 - a - 10. Let c be t(4). Let i = 46 - c. Let q(v) = v**3 + 3*v**2 - 5*v + 1. What is q(i)?
5
Let w(i) be the second derivative of -i**6/360 - 11*i**5/120 + i**4/8 - 6*i**3 + 39*i. Let g(t) be the second derivative of w(t). Determine g(-10).
13
Let f be (-1 - -8)*(-3 - 4). Let o = f + 53. Let w be o/14 - 40/(-7). Let c(g) = g**2 - 7*g + 7. What is c(w)?
1
Suppose -18*b - 1110 + 4782 = 0. Let t = 210 - b. Let j(c) = -c**2 + 6*c + 7. What is j(t)?
7
Let o(r) be the first derivative of -r**4 - 11*r**3 + 5*r**2/2 + 98*r - 11917. What is o(-8)?
-6
Let g be (-1)/(-3) + 20/12. Suppose 5*b + g = -4*u, -3*u - 7 = 4*b + 2*u. Suppose -b*o + 3 = -3*o. Let h(r) = r**2 + 2*r + 3. Give h(o).
6
Let c be (-56)/(-21)*(2 - 5 - 0). Let r be (-4)/(c/14) + -4. Let g(v) = -v**r - 17*v + 9*v + 4*v - 4*v**2 - 4. What is g(-3)?
-1
Suppose 10 = 3*b - b. Let p(r) = 4*r + r - 2*r - b. Let u = -4579 + 4585. Give p(u).
13
Suppose 3*g + 0*g - 13 = -5*b, -g + 16 = 4*b. Let c(m) = 50*m - 141*m + 50*m - m**2 + 42*m + 1. Determine c(g).
-19
Let b(u) = u**2 - u - 4. Let w be 2 + (-3*4/3 - -3). Let a be w + (-72)/(-27) - (-2)/(-3). Determine b(a).
2
Suppose 2 + 22 = 4*i. Let l be i/4*28/(-21). Let k(s) = -7*s + 3. Let g(v) = -6*v + 2. Let o(z) = 4*g(z) - 3*k(z). What is o(l)?
5
Suppose 0 = -3*d + 4*l + 83, -2*d = d - 2*l - 85. Let f = d - 34. Let r(p) = -6*p - p - 9*p**2 + 3*p**2 - 4 - p**3 + 2*p. Determine r(f).
-4
Let h(z) = z**2 - z + 2. Let d(w) = 11*w + 2. Let s be d(2). Suppose s*l = 20*l + 12. Give h(l).
8
Let a(w) = -92*w. Let u(o) = -370*o - 2. Let n(x) = 12*a(x) - 3*u(x). Let r = 6 + -1. Calculate n(r).
36
Let s be 1/18 + ((-442)/468)/17. Let j(p) be the third derivative of 9*p**2 - 1/8*p**4 + s + 0*p + 0*p**3. What is j(-4)?
12
Let g(d) = 67*d - 57. Let y(j) = 84*j - 56. Let k(t) = -5*g(t) + 4*y(t). Calculate k(0).
61
Suppose -4*m = -5*h + 30, -2*h + 0*m + 12 = 5*m. Let i(z) = 8 - h + z - 2*z. Calculate i(-8).
10
Let h(o) be the second derivative of -1/2*o**2 - 1/3*o**3 - 24 - 1/12*o**4 - 3*o + 23/20*o**5. What is h(-1)?
-23
Let r = -1486 - -2326. Let h(c) = 6*c - 836 + r - 2*c. Calculate h(-3).
-8
Let m be (2/(-1))/(6/(-10) - -1). Let p(z) = z**2 + 7*z + 23. Let s(q) = q**2 + 8*q + 29. Let u(c) = -5*p(c) + 4*s(c). What is u(m)?
-9
Suppose 0 = 5*y - y - 12. Let l(g) = 6 - 2*g**3 - 1 + 3*g**y + 4*g**2. Let r be 80/(-25) + 1 - 25/(-1000)*-72. Calculate l(r).
5
Suppose -2*w + 114 = 3*y - 7*w, 3*y = w + 114. Let t = -17 + y. Let j(a) = 47 - a**3 + 4*a - 22 - t + a**2. What is j(4)?
-28
Let a(q) = -q**2 + 19*q + 21. Let t = 1500 + -1481. Calculate a(t).
21
Let p be 135/(-30)*(3 - 14/6). Let z(m) = 4*m**2 + 7*m. Let v(s) = -11*s**2 - 20*s + 1. Let o(k) = p*v(k) - 8*z(k). Determine o(-5).
2
Let u(s) = s**2 + 13*s - 7. Let i(b) = 559*b - 2250. Let m be i(4). Calculate u(m).
7
Let u(g) = g**3 + 7*g**2 - 13*g - 44. Suppose -782 = 186*b + 706. What is u(b)?
-4
Let n(y) be the second derivative of y**5/20 + y**4/6 - 11*y**3/6 + 4*y**2 + 3*y + 1465. What is n(3)?
20
Let v(k) = -19*k - 56. Let p be v(-3). Let j(d) = -89*d + 173*d - 3*d**2 - 88*d - p + d**3. Give j(4).
-1
Let b(u) = -u**2 + 551*u + 6748. Let m be b(-12). Let x(k) = 2*k**2 + 15*k - 8. Give x(m).
0
Let v(s) = 483428 - 483539 + s + 5*s. Calculate v(15).
-21
Suppose 25*n + 261 = 16*n. Let a = n - -115. Let t(f) = a*f - 12 - 47*f - 40*f. Determine t(-9).
-3
Suppose 0 = -0*z - 3*z - 21. Let w = 99 - 89. Let f(d) = d**2 + w - 26 + 8*d + 11. Determine f(z).
-12
Let b(g) = -726 - 5*g + g - 4*g + 771. Determine b(7).
-11
Let s(h) = 9*h - 6. Let p(b) = -7*b + 33. Let q be p(5). Determine s(q).
-24
Let m(d) be the first derivative of 7*d**2/2 + 4*d + 1266. Let y = -5 - -2. Determine m(y).
-17
Let m be (1 + 5 + -8)/(1/2) + 7. Let k(t) = -3*t - 6. What is k(m)?
-15
Let n(t) = 3*t + 3. Let m = -55 - -51. Let q be 7 + (-2 - m*4/(-16)). Suppose -6*c + q*c - 6 = 0. Give n(c).
-6
Let n(y) = -y**2 + 20*y. Let t be n(20). Let o be (-1 + t)/(4/(-64)). Let u(q) = -o - 1 - 3*q + 6 - q**2 + 9. Determine u(-2).
0
Let s(q) = q**3 - 3*q**2 + 2*q - 1. Suppose -5*i - 54 - 21 = 0. Let c be -1*i/(-3)*(-86)/10. Let d = c - 39. What is s(d)?
23
Let h(r) = 15*r**2 - 2*r + 7. Let l(u) = -11*u**2 + 2*u - 6. Let n(g) = 7*h(g) + 8*l(g). Let z be ((-1)/3)/((-2)/(-6)). Give n(z).
16
Let w(y) = -28*y**2 + 8*y - 5. Suppose 5*s = -2*a - 4, 5*a + 5*s - 20 = -0*s. Let c(x) = 19*x**2 - 5*x + 3. Let g(o) = a*c(o) + 5*w(o). Give g(-1).
11
Suppose -5*g = -23 + 33, -2*a = -2*g - 12. Let l(m) = -m**3 - 2*m**2 + 2*m + 3. Let f(v) = -v**3 - v**2 + 2*v + 2. Let k(y) = a*f(y) - 3*l(y). What is k(-2)?
11
Let q(s) be the third derivative of -3*s**6/20 - s**5/30 - s**4/24 + s**2 - 10*s - 12. What is q(-1)?
17
Let u(f) = -1036 + f**2 + 1032 + 32*f - 25*f. Suppose -5*k - 25 = 5*x, -3*x - x - k - 26 = 0. Calculate u(x).
-4
Let m(o) = 2*o - 3. Suppose -2*c + 2*z + 28 = 0, -3*z - 305 = -4*c - 249. Calculate m(c).
25
Let a(j) = 11*j - 269. Let b be a(25). Let q(c) = 5*c**2 - 7*c + 6. Let h(v) = -v**2 + v - 1. Let o(y) = -4*h(y) - q(y). Calculate o(b).
-20
Let f = -5079 - -5088. Let m(v) = v**2 - 5*v - 29. Determine m(f).
7
Suppose 13*h + 36 - 103 = 180. Let x(l) be the first derivative of -1/2*l**2 + h + 4*l. Determine x(4).
0
Let w(r) = 256 + 2*r**2 + r - 61 - 65 - r**3 + 3*r - 63 - 65. Let q(x) = x**3 + 5*x**2 - x - 7. Let y be q(-5). Give w(y).
10
Let m(v) be the first derivative of v**4/4 - 7*v**3/3 + 10*v + 1467. Determine m(6).
-26
Let n(h) = 304 - 4*h - 6*h**3 - h - 300. Let w be n(1). Let u(c) = -c**2 - 7*c + 8. Give u(w).
8
Let i(c) = c**2 + 24*c - 22. Let m be i(-25). Let n(q) = -q + 1. Let j(b) = -b**2 + 5*b - 1. Let k(l) = m*n(l) + j(l). Give k(-2).
-6
Let s(n) = -6*n - 20. Let b(c) = 37*c - 818. Let i be b(22). Calculate s(i).
4
Let k be (-1)/((-5)/6*8/(-20)). Let r(i) be the third derivative of i**4/12 - i**3/3 + i**2 - 115*i. What is r(k)?
-8
Let i(q) be the second derivative of -q**5/20 + 2*q**3/3 + q**2/2 - 5*q + 104. Calculate i(4).
-47
Let n(g) = -g**3 - 2*g**2 - g - 5. Let m be 75/(-30)*12/10. Calculate n(m).
7
Let m = 24 - 90. Let r be (m/9)/(2/(-3)). Suppose 2*p = 3*d + r, 0 + 6 = -2*d + p. Let n(b) = -2*b**3 - b - 1. What is n(d)?
2
Suppose -99 = 154*l - 234 - 173. Let g(p) = 14*p - 2. Give g(l).
26
Let i(m) = -31 + 20*m - 5 + 4 - 56. Determine i(6).
32
Let u = 7523 - 7514. Let c(h) = h. Determine c(u).
9
Let s(n) be the first derivative of 7*n**2/2 - 22*n - 2492. What is s(5)?
13
Let p(t) = 9*t**2 - 4*t - 10. Suppose 26*z - 1419 + 1367 = 0. Give p(z).
18
Let j(t) = 21*t**2 - 2*t + 3. Let u be j(1). Let d = 20 - u. Let w(n) = 84*n - 81*n - 3*n**2 + 7*n**2. What is w(d)?
10
Suppose -1 + 3 = 2*t. Suppose 0 = 6*n - t - 11. Let b(c) = 0 + 9*c - 4*c**2 + 6 + 1 + 5*c**n. Determine b(-6).
-11
Suppose 5*y - 176 = 4*q - 287, 2*y - q = -45. Let l(n) = -n**3 - 22*n**2 + 22*n - 2. Give l(y).
21
Let s(f) = 17*f + 805. Let g(b) = -b - 109. Let k(h) = -5*g(h) - s(h). Calculate k(-21).
-8
Let q(x) = 4*x**2 + 21*x - 23. Let w be q(1). Let h(p) be the second derivative of 9*p - 1/6*p**4 - 1/20*p**5 + 0 + 0*p**w - 1/6*p**3. Determine h(-3).
12
Let f(z) be the second derivative of z**5/20 + 7*z**4/12 - z**3 + 4*z**2 - 579*z. Give f(-8).
-8
Let i be 1*1/1*(-3430)/245. Let p(t) = -2*t**2 - 28*t - 32. Determine p(i).
-32
Let k(r) = r + 5. Let z(g) = -15*g - 11. Let c(l) = -4*k(l) - z(l). Let y(a) = -15*a + 10. Let f(u) = -4*c(u) - 3*y(u). Give f(-3).
3
Let m(z) = 7*z + 16. Let l be m(10). Suppose -l = 7*t - 5*t. Let f = t + 41. Let w(k) = 2*k**2. Give w(f).
8
Let d be (4/3)/((-2)/3). Suppose -32 = -4*a - r, -2*a - r = -2*r - 22. Let v(n) = -2 + 7*n - 104*n**3 - a*n + 103*n**3. What is v(d)?
10
Let y = -30 + 34. Let z(s) = -5*s**3 + 5*s**2 + 3*s - 3. Let j(h) = -9*h**3 + 9*h**2 + 6*h - 6. Let o(t) = y*j(t) - 7*z(t). Let c = 80 - 78. Determine o(c).
-1
Let b(t) = 3*t + 12. Let s be b(-6). Let y(j) = -65*j - 6. Let f(l) = 23*l + 2. Let g(m) = 17*f(m) + 6*y(m). What is g(s)?
-8
Let p(k) = -k**2 + 2*k + 10 + 0*k + 6 - 9. Suppose -21*s - 41 + 146 = 0. Calculate p(s).
-8
Let k(z) = -22*z**2 + 2*z - 6. Let i(m) = 21*m**2 - 2*m 